{"id":324,"date":"2025-05-25T17:58:31","date_gmt":"2025-05-25T17:58:31","guid":{"rendered":"https:\/\/trajectoire.net\/rophotolab\/?page_id=324"},"modified":"2025-08-13T12:24:12","modified_gmt":"2025-08-13T12:24:12","slug":"telechargement","status":"publish","type":"page","link":"https:\/\/trajectoire.net\/rophotolab\/telechargement\/","title":{"rendered":"T\u00e9l\u00e9chargement"},"content":{"rendered":"\n<p class=\"has-text-align-left\">RoPhotoLab se d\u00e9cline en plusieurs versions (et sur les principaux syst\u00e8mes d&rsquo;exploitation). Dans la liste ci-dessous vous pouvez les t\u00e9l\u00e9charger &#8230;<\/p>\n\n\n\n<p class=\"has-text-align-left\">Quand RoPhotoLab est contenu dans une archive .zip il s&rsquo;agit de <a href=\"https:\/\/fr.wikipedia.org\/wiki\/Application_portable\" data-type=\"link\" data-id=\"https:\/\/fr.wikipedia.org\/wiki\/Application_portable\">la version portable du logiciel<\/a> (vous pourrez donc l&rsquo;ex\u00e9cuter, sans rien installer d&rsquo;autre, &#8230; m\u00eame \u00e0 partir d&rsquo;une cl\u00e9 USB). Pour \u00ab\u00a0lancer\u00a0\u00bb RophotoLab, cr\u00e9ez un r\u00e9pertoire RoPhotoLab, d\u00e9zippez l&rsquo;archive dans ce r\u00e9pertoire, entrez dans le r\u00e9pertoire une fois d\u00e9zipp\u00e9 (par exemple rophotolab_0_0_1_onefile_windows) et cliquez sur le fichier rophotolab, &#8230; l&rsquo;application va d\u00e9marrer.<\/p>\n\n\n\n<p class=\"has-text-align-left\"><strong>Pour GNU\/Linux :<\/strong><\/p>\n\n\n\n<p class=\"has-text-align-left\">&#8211;&gt; <a href=\"https:\/\/trajectoire.net\/rophotolab\/wp-content\/uploads\/2025\/07\/rophotolab_0_1_0_onefile_linux.zip\" data-type=\"link\" data-id=\"https:\/\/trajectoire.net\/rophotolab\/wp-content\/uploads\/2025\/05\/rophotolab_0_0_1_onefile_linux.zip\">La version (0.1.0) onefile (dans une archive .zip)<\/a>.<\/p>\n\n\n\n<p class=\"has-text-align-left\">&#8211;&gt; <a href=\"https:\/\/trajectoire.net\/rophotolab\/wp-content\/uploads\/2025\/07\/rophotolab_0_1_0_onedir_linux.zip\" data-type=\"link\" data-id=\"https:\/\/trajectoire.net\/rophotolab\/wp-content\/uploads\/2025\/05\/rophotolab_0_0_1_onedir_linux.zip\">La version (0.1.0) onedir (dans une archive .zip)<\/a>.<\/p>\n\n\n\n<p class=\"has-text-align-left\"><strong>Pour Windows :<\/strong><\/p>\n\n\n\n<p class=\"has-text-align-left\">&#8211;&gt; <a href=\"https:\/\/trajectoire.net\/rophotolab\/wp-content\/uploads\/2025\/07\/rophotolab_0_1_0_onefile_windows.zip\" data-type=\"link\" data-id=\"https:\/\/trajectoire.net\/rophotolab\/wp-content\/uploads\/2025\/05\/rophotolab_0_0_1_onefile_windows.zip\">La version (0.1.0) onefile (dans une archive .zip)<\/a>.<\/p>\n\n\n\n<p class=\"has-text-align-left\">&#8211;&gt; <a href=\"https:\/\/trajectoire.net\/rophotolab\/wp-content\/uploads\/2025\/07\/rophotolab_0_1_0_onedir_windows.zip\" data-type=\"link\" data-id=\"https:\/\/trajectoire.net\/rophotolab\/wp-content\/uploads\/2025\/05\/rophotolab_0_0_1_onedir_windows.zip\">La version (0.1.0) onedir (dans une archive .zip)<\/a>.<\/p>\n\n\n\n<p class=\"has-text-align-left\">&#8211;&gt; <a href=\"https:\/\/trajectoire.net\/rophotolab\/wp-content\/uploads\/2025\/07\/rophotolab_windows_20250730.zip\" data-type=\"link\" data-id=\"https:\/\/trajectoire.net\/rophotolab\/wp-content\/uploads\/2025\/06\/rophotolab_windows_20250604.zip\">La version (0.1.0 du 30\/07\/2025) ex\u00e9cutable (.exe, zipp\u00e9e)<\/a>.<\/p>\n\n\n\n<p class=\"has-text-align-left\"><strong>Pour MacOS :<\/strong><\/p>\n\n\n\n<p class=\"has-text-align-left\">&#8211;&gt; <a href=\"https:\/\/trajectoire.net\/rophotolab\/wp-content\/uploads\/2025\/08\/rophotolab_0_1_0_onefile_macos.zip\">La version (0.1.0) onefile (dans une archive .zip)<\/a>.<\/p>\n\n\n\n<p class=\"has-text-align-left\">&#8211;&gt; <a href=\"https:\/\/trajectoire.net\/rophotolab\/wp-content\/uploads\/2025\/08\/rophotolab_0_1_0_onedir_macos.zip\">La version (0.1.0) onedir (dans une archive .zip)<\/a><\/p>\n\n\n\n<p class=\"has-text-align-left\">&#8211;> <a href=\"https:\/\/trajectoire.net\/rophotolab\/wp-content\/uploads\/2025\/08\/RoPhotoLab_0_1_0.dmg_.zip\">La version (0.1.0) DMG (dans une archive .zip)<\/a>. Pour ouvrir l&rsquo;application (et comme elle n&rsquo;est pas authentifi\u00e9e Apple), <a href=\"https:\/\/trajectoire.net\/rophotolab\/2025\/08\/10\/rophotolab-0-1-0-pour-macos-enfin-disponible\"><strong>suivez les \u00e9tapes d\u00e9crites ici<\/strong><\/a>.<\/p>\n\n\n\n<p><\/p>\n","protected":false},"excerpt":{"rendered":"<p>RoPhotoLab se d\u00e9cline en plusieurs versions (et sur les principaux syst\u00e8mes d&rsquo;exploitation). Dans la liste ci-dessous vous pouvez les t\u00e9l\u00e9charger &#8230; Quand RoPhotoLab est contenu dans une archive .zip il s&rsquo;agit de la version portable du logiciel (vous pourrez donc l&rsquo;ex\u00e9cuter, sans rien installer d&rsquo;autre, &#8230; m\u00eame \u00e0 partir d&rsquo;une cl\u00e9 USB). Pour \u00ab\u00a0lancer\u00a0\u00bb RophotoLab, [&hellip;]<\/p>\n","protected":false},"author":1,"featured_media":0,"parent":0,"menu_order":0,"comment_status":"closed","ping_status":"closed","template":"","meta":{"saved_in_kubio":false,"pagelayer_contact_templates":[],"_pagelayer_content":"","footnotes":""},"class_list":["post-324","page","type-page","status-publish","hentry"],"kubio_ai_page_context":{"short_desc":"","purpose":"general"},"_links":{"self":[{"href":"https:\/\/trajectoire.net\/rophotolab\/wp-json\/wp\/v2\/pages\/324","targetHints":{"allow":["GET"]}}],"collection":[{"href":"https:\/\/trajectoire.net\/rophotolab\/wp-json\/wp\/v2\/pages"}],"about":[{"href":"https:\/\/trajectoire.net\/rophotolab\/wp-json\/wp\/v2\/types\/page"}],"author":[{"embeddable":true,"href":"https:\/\/trajectoire.net\/rophotolab\/wp-json\/wp\/v2\/users\/1"}],"replies":[{"embeddable":true,"href":"https:\/\/trajectoire.net\/rophotolab\/wp-json\/wp\/v2\/comments?post=324"}],"version-history":[{"count":28,"href":"https:\/\/trajectoire.net\/rophotolab\/wp-json\/wp\/v2\/pages\/324\/revisions"}],"predecessor-version":[{"id":590,"href":"https:\/\/trajectoire.net\/rophotolab\/wp-json\/wp\/v2\/pages\/324\/revisions\/590"}],"wp:attachment":[{"href":"https:\/\/trajectoire.net\/rophotolab\/wp-json\/wp\/v2\/media?parent=324"}],"curies":[{"name":"wp","href":"https:\/\/api.w.org\/{rel}","templated":true}]}}